{"id":18601,"date":"2019-04-23T10:23:27","date_gmt":"2019-04-23T08:23:27","guid":{"rendered":"https:\/\/obrasmanchareal.com\/?page_id=18601"},"modified":"2019-10-28T14:35:06","modified_gmt":"2019-10-28T12:35:06","slug":"reforma-local-comercial","status":"publish","type":"page","link":"https:\/\/obrasmanchareal.com\/?page_id=18601","title":{"rendered":"Reforma local comercial"},"content":{"rendered":"<p>[vc_row css_animation=&#8221;&#8221; row_type=&#8221;row&#8221; use_row_as_full_screen_section=&#8221;no&#8221; type=&#8221;grid&#8221; angled_section=&#8221;no&#8221; text_align=&#8221;left&#8221; background_image_as_pattern=&#8221;without_pattern&#8221;][vc_column][vc_empty_space][vc_empty_space][vc_column_text]<\/p>\n<h2>La reforma de un local comercial es clave para cualquier negocio. Es necesario contar con el proyecto de una empresa experta para que pueda realizar el dise\u00f1o m\u00e1s adecuado.<\/h2>\n<p>[\/vc_column_text][vc_empty_space][\/vc_column][\/vc_row][vc_row css_animation=&#8221;&#8221; row_type=&#8221;row&#8221; use_row_as_full_screen_section=&#8221;no&#8221; type=&#8221;grid&#8221; angled_section=&#8221;no&#8221; text_align=&#8221;left&#8221; background_image_as_pattern=&#8221;without_pattern&#8221;][vc_column][vc_empty_space][\/vc_column][\/vc_row][vc_row css_animation=&#8221;&#8221; row_type=&#8221;row&#8221; use_row_as_full_screen_section=&#8221;no&#8221; type=&#8221;grid&#8221; angled_section=&#8221;no&#8221; text_align=&#8221;left&#8221; background_image_as_pattern=&#8221;without_pattern&#8221;][vc_column][vc_column_text]\u00bfC\u00f3mo se lleva a cabo una reforma de local comercial? \u00bfQu\u00e9 debes tener en cuenta? \u00bfCu\u00e1nto te puede costar la reforma? Contestaremos a estas y a otras preguntas respecto a la reforma de un local comercial, a continuaci\u00f3n.[\/vc_column_text][vc_empty_space][\/vc_column][\/vc_row][vc_row css_animation=&#8221;&#8221; row_type=&#8221;row&#8221; use_row_as_full_screen_section=&#8221;no&#8221; type=&#8221;grid&#8221; angled_section=&#8221;no&#8221; text_align=&#8221;left&#8221; background_image_as_pattern=&#8221;without_pattern&#8221;][vc_column][vc_column_text]<strong>\u00bfC\u00f3mo reformar un local comercial?<\/strong><\/p>\n<p>El primer paso para reformar un local comercial es contactar con una empresa especializada. Es necesario que concert\u00e9is una cita en la que pueda evaluar las caracter\u00edsticas del local y todas sus posibilidades. Despu\u00e9s, os presentar\u00e1 un proyecto detallado en el que os mostrar\u00e1 todas las opciones que est\u00e1n a vuestra disposici\u00f3n.[\/vc_column_text][vc_empty_space][\/vc_column][\/vc_row][vc_row css_animation=&#8221;&#8221; row_type=&#8221;row&#8221; use_row_as_full_screen_section=&#8221;no&#8221; type=&#8221;grid&#8221; angled_section=&#8221;no&#8221; text_align=&#8221;left&#8221; background_image_as_pattern=&#8221;without_pattern&#8221;][vc_column][vc_column_text]Estar\u00e1 incluido solo aquello que permita la legalidad vigente, que realce los puntos claves del local y que la reforma sea la id\u00f3nea para el negocio que se va a realizar en su interior.[\/vc_column_text][vc_empty_space][\/vc_column][\/vc_row][vc_row css_animation=&#8221;&#8221; row_type=&#8221;row&#8221; use_row_as_full_screen_section=&#8221;no&#8221; type=&#8221;grid&#8221; angled_section=&#8221;no&#8221; text_align=&#8221;left&#8221; background_image_as_pattern=&#8221;without_pattern&#8221;][vc_column][vc_column_text]<strong>La empresa puede preparar distintos proyectos<\/strong>, con diferentes presupuestos. Conseguir\u00e1 que el cliente pueda adaptar la reforma a la cantidad con la que cuenta para realizar el trabajo.[\/vc_column_text][vc_empty_space][\/vc_column][\/vc_row][vc_row css_animation=&#8221;&#8221; row_type=&#8221;row&#8221; use_row_as_full_screen_section=&#8221;no&#8221; type=&#8221;grid&#8221; angled_section=&#8221;no&#8221; text_align=&#8221;left&#8221; background_image_as_pattern=&#8221;without_pattern&#8221;][vc_column][vc_column_text]<strong>El coste de la reforma puede cambiar en gran manera dependiendo de ciertos aspectos<\/strong>, el tama\u00f1o del local, el estado en el que se encuentra, la calidad de los materiales elegidos, el tiempo para realizar la obra\u2026 Puedes reformar un local de peque\u00f1o tama\u00f1o por menos de 10.000 euros, mientras que otro de grandes dimensiones puede costar m\u00e1s de 50.000 euros.[\/vc_column_text][vc_empty_space][\/vc_column][\/vc_row][vc_row css_animation=&#8221;&#8221; row_type=&#8221;row&#8221; use_row_as_full_screen_section=&#8221;no&#8221; type=&#8221;grid&#8221; angled_section=&#8221;no&#8221; text_align=&#8221;left&#8221; background_image_as_pattern=&#8221;without_pattern&#8221;][vc_column][vc_column_text]Otra de las ventajas de contar con una constructora en Ja\u00e9n, una constructora en Marbella o en cualquier otro lugar es que conseguir\u00e1s un trabajo cuidado y profesional.\u00a0Es mejor opci\u00f3n que intentar encargarte por ti mismo de contratar a los diferentes trabajadores que se necesitan para realizar el proyecto y ocuparte de coordinar sus trabajos.[\/vc_column_text][vc_empty_space][\/vc_column][\/vc_row][vc_row css_animation=&#8221;&#8221; row_type=&#8221;row&#8221; use_row_as_full_screen_section=&#8221;no&#8221; type=&#8221;grid&#8221; angled_section=&#8221;no&#8221; text_align=&#8221;left&#8221; background_image_as_pattern=&#8221;without_pattern&#8221; css=&#8221;.vc_custom_1535694683121{background-color: #f9f9f9 !important;}&#8221;][vc_column][vc_empty_space][vc_column_text el_class=&#8221;enlace-contacta&#8221;]<\/p>\n<p style=\"text-align: center;\"><a href=\"https:\/\/obrasmanchareal.com\/contacto\/\"><em>Solicita tu presupuesto <strong>aqu\u00ed<\/strong><\/em><\/a><\/p>\n<p>[\/vc_column_text][vc_empty_space][\/vc_column][\/vc_row][vc_row css_animation=&#8221;&#8221; row_type=&#8221;row&#8221; use_row_as_full_screen_section=&#8221;no&#8221; type=&#8221;grid&#8221; angled_section=&#8221;no&#8221; text_align=&#8221;left&#8221; background_image_as_pattern=&#8221;without_pattern&#8221;][vc_column][vc_empty_space][vc_column_text]Una de nuestras obras emblem\u00e1ticas en <strong>reforma de local comercial integrales<\/strong> es el proyecto de\u00a0<a href=\"https:\/\/obrasmanchareal.com\/proyecto\/reforma-y-ampliacion-de-local-para-aparcamientos-y-trasteros\/\">Reforma y ampliaci\u00f3n de local para aparcamientos y trasteros<\/a><\/p>\n<p>La actuaci\u00f3n se desarrolla en el bajo comercial de un edificio residencial plurifamiliar situado en la C\/ Maestro Cebri\u00e1n de Ja\u00e9n. Consistiendo las obras en la adaptaci\u00f3n del mismo a un aparcamiento privado que cuenta con 9 plazas de garaje, as\u00ed como una zona de 14 trasteros en su parte posterior.<\/p>\n<p>[\/vc_column_text][vc_empty_space][\/vc_column][\/vc_row][vc_row css_animation=&#8221;&#8221; row_type=&#8221;row&#8221; use_row_as_full_screen_section=&#8221;no&#8221; type=&#8221;grid&#8221; angled_section=&#8221;no&#8221; text_align=&#8221;left&#8221; background_image_as_pattern=&#8221;without_pattern&#8221;][vc_column][vc_column_text]Tras la demolici\u00f3n y derribo de todos los elementos existentes inicialmente en el bajo comercial se comenz\u00f3 con la realizaci\u00f3n de una nueva red de saneamiento enterrado, cambi\u00e1ndose todas las antiguas canalizaciones de tubos de hormig\u00f3n por nuevas conducciones de tuber\u00eda de PVC doble capa, as\u00ed como el arreglo y limpieza de las arquetas existentes que se encontraban en estado aceptable y la nueva realizaci\u00f3n de la arquetas que se encontraban muy deterioradas y en mal estado.<\/p>\n<p>[\/vc_column_text][vc_empty_space][\/vc_column][\/vc_row][vc_row css_animation=&#8221;&#8221; row_type=&#8221;row&#8221; use_row_as_full_screen_section=&#8221;no&#8221; type=&#8221;grid&#8221; angled_section=&#8221;no&#8221; text_align=&#8221;left&#8221; background_image_as_pattern=&#8221;without_pattern&#8221;][vc_column][vc_column_text]Para la eliminaci\u00f3n de las humedades existentes en los paramentos medianeros de todo el per\u00edmetro se procedi\u00f3 a su picado por completo as\u00ed como a la ejecuci\u00f3n de un nuevo revestimiento continuo emple\u00e1ndose mortero de cemento impermeable y transpirable. Sobre este revestimiento se procedi\u00f3 a pintar con pintura pl\u00e1stica color hasta una altura de 1,20 m. y el resto junto con los techos en blanco.<\/p>\n<p>En cuanto a las instalaciones se procedi\u00f3 a eliminar todas las existentes y proceder a ejecutar todas las instalaciones nuevas indicadas en proyecto.<\/p>\n<p>La instalaci\u00f3n el\u00e9ctrica y de alumbrado se realiz\u00f3 con tubo r\u00edgido de superficie, cableado libre de hal\u00f3genos y pantallas de superficie, adem\u00e1s se coloc\u00f3 un nuevo cuadro general de mando y protecci\u00f3n situado a la entrada. Se ejecut\u00f3 adem\u00e1s una instalaci\u00f3n de ventilaci\u00f3n con tubo de chapa helicoidal, rejillas y un extractor.<\/p>\n<p>Como acabado superficial del pavimento se realiz\u00f3 un tratamiento mediante el revestimiento con tres capas de resina epoxi 100% s\u00f3lido en diversos colores, as\u00ed como el marcado de las plazas de garaje.<\/p>\n<p>[\/vc_column_text][vc_empty_space][\/vc_column][\/vc_row][vc_row css_animation=&#8221;&#8221; row_type=&#8221;row&#8221; use_row_as_full_screen_section=&#8221;no&#8221; type=&#8221;grid&#8221; angled_section=&#8221;no&#8221; text_align=&#8221;left&#8221; background_image_as_pattern=&#8221;without_pattern&#8221;][vc_column][vc_column_text]Somos especialistas en la reforma de locales comerciales y naves industriales. Ponte en contacto con nosotros y realizaremos el dise\u00f1o que necesitas.[\/vc_column_text][vc_empty_space][\/vc_column][\/vc_row][vc_row css_animation=&#8221;&#8221; row_type=&#8221;row&#8221; use_row_as_full_screen_section=&#8221;no&#8221; type=&#8221;grid&#8221; angled_section=&#8221;no&#8221; text_align=&#8221;center&#8221; background_image_as_pattern=&#8221;without_pattern&#8221; css=&#8221;.vc_custom_1535615473502{background-color: #f9f9f9 !important;}&#8221;][vc_column][vc_empty_space][vc_column_text el_class=&#8221;entrada-proyectos&#8221;]<\/p>\n<p style=\"text-align: center;\">Mira por qu\u00e9 somos la empresa <strong>constructora en Ja\u00e9n<\/strong> con mayor reconocimiento\u00a0en <strong>reformas integrales<\/strong>.<\/p>\n<p style=\"text-align: center;\">Conoce nuestros proyectos de <strong>reformas integrales<\/strong>: <strong>reforma local comercial<\/strong><\/p>\n<p>[\/vc_column_text][\/vc_column][vc_column][vc_empty_space][portfolio_list type=&#8221;standard&#8221; hover_type_standard=&#8221;default&#8221; columns=&#8221;4&#8243; order_by=&#8221;date&#8221; order=&#8221;DESC&#8221; filter=&#8221;no&#8221; show_load_more=&#8221;no&#8221; number=&#8221;8&#8243; category=&#8221;reformas&#8221; show_title=&#8221;yes&#8221;][button size=&#8221;small&#8221; target=&#8221;_self&#8221; hover_type=&#8221;default&#8221; text_align=&#8221;center&#8221; text=&#8221;Ver todos los proyectos&#8221; link=&#8221;https:\/\/obrasmanchareal.com\/proyectos\/&#8221; background_color=&#8221;#faa950&#8243; hover_background_color=&#8221;#2e2e2e&#8221; border_color=&#8221;#faa950&#8243; hover_border_color=&#8221;#2e2e2e&#8221;][vc_empty_space][\/vc_column][\/vc_row]<\/p>\n","protected":false},"excerpt":{"rendered":"<p>[vc_row css_animation=&#8221;&#8221; row_type=&#8221;row&#8221; use_row_as_full_screen_section=&#8221;no&#8221; type=&#8221;grid&#8221; angled_section=&#8221;no&#8221; text_align=&#8221;left&#8221; background_image_as_pattern=&#8221;without_pattern&#8221;][vc_column][vc_empty_space][vc_empty_space][vc_column_text] La reforma de un local comercial es clave para cualquier negocio. Es necesario contar con el proyecto de una empresa experta para que pueda realizar el dise\u00f1o m\u00e1s adecuado. [\/vc_column_text][vc_empty_space][\/vc_column][\/vc_row][vc_row css_animation=&#8221;&#8221; row_type=&#8221;row&#8221; use_row_as_full_screen_section=&#8221;no&#8221; type=&#8221;grid&#8221; angled_section=&#8221;no&#8221; text_align=&#8221;left&#8221; background_image_as_pattern=&#8221;without_pattern&#8221;][vc_column][vc_empty_space][\/vc_column][\/vc_row][vc_row css_animation=&#8221;&#8221; row_type=&#8221;row&#8221; use_row_as_full_screen_section=&#8221;no&#8221; type=&#8221;grid&#8221; angled_section=&#8221;no&#8221; text_align=&#8221;left&#8221; background_image_as_pattern=&#8221;without_pattern&#8221;][vc_column][vc_column_text]\u00bfC\u00f3mo se lleva a &hellip; <\/p>\n<p class=\"link-more\"><a href=\"https:\/\/obrasmanchareal.com\/?page_id=18601\" class=\"more-link\">Continue reading<span class=\"screen-reader-text\"> &#8220;Reforma local comercial&#8221;<\/span><\/a><\/p>\n","protected":false},"author":4,"featured_media":0,"parent":0,"menu_order":0,"comment_status":"closed","ping_status":"closed","template":"full_width.php","meta":{"footnotes":""},"class_list":["post-18601","page","type-page","status-publish","hentry","entry"],"_links":{"self":[{"href":"https:\/\/obrasmanchareal.com\/index.php?rest_route=\/wp\/v2\/pages\/18601","targetHints":{"allow":["GET"]}}],"collection":[{"href":"https:\/\/obrasmanchareal.com\/index.php?rest_route=\/wp\/v2\/pages"}],"about":[{"href":"https:\/\/obrasmanchareal.com\/index.php?rest_route=\/wp\/v2\/types\/page"}],"author":[{"embeddable":true,"href":"https:\/\/obrasmanchareal.com\/index.php?rest_route=\/wp\/v2\/users\/4"}],"replies":[{"embeddable":true,"href":"https:\/\/obrasmanchareal.com\/index.php?rest_route=%2Fwp%2Fv2%2Fcomments&post=18601"}],"version-history":[{"count":4,"href":"https:\/\/obrasmanchareal.com\/index.php?rest_route=\/wp\/v2\/pages\/18601\/revisions"}],"predecessor-version":[{"id":18912,"href":"https:\/\/obrasmanchareal.com\/index.php?rest_route=\/wp\/v2\/pages\/18601\/revisions\/18912"}],"wp:attachment":[{"href":"https:\/\/obrasmanchareal.com\/index.php?rest_route=%2Fwp%2Fv2%2Fmedia&parent=18601"}],"curies":[{"name":"wp","href":"https:\/\/api.w.org\/{rel}","templated":true}]}}

<p>[vc_row css_animation=&#8221;&#8221; row_type=&#8221;row&#8221; use_row_as_full_screen_section=&#8221;no&#8221; type=&#8221;grid&#8221; angled_section=&#8221;no&#8221; text_align=&#8221;left&#8221; background_image_as_pattern=&#8221;without_pattern&#8221;][vc_column][vc_empty_space][vc_empty_space][vc_column_text]</p>
<h2>La reforma de un local comercial es clave para cualquier negocio. Es necesario contar con el proyecto de una empresa experta para que pueda realizar el diseño más adecuado.</h2>
<p>[/vc_column_text][vc_empty_space][/vc_column][/vc_row][vc_row css_animation=&#8221;&#8221; row_type=&#8221;row&#8221; use_row_as_full_screen_section=&#8221;no&#8221; type=&#8221;grid&#8221; angled_section=&#8221;no&#8221; text_align=&#8221;left&#8221; background_image_as_pattern=&#8221;without_pattern&#8221;][vc_column][vc_empty_space][/vc_column][/vc_row][vc_row css_animation=&#8221;&#8221; row_type=&#8221;row&#8221; use_row_as_full_screen_section=&#8221;no&#8221; type=&#8221;grid&#8221; angled_section=&#8221;no&#8221; text_align=&#8221;left&#8221; background_image_as_pattern=&#8221;without_pattern&#8221;][vc_column][vc_column_text]¿Cómo se lleva a cabo una reforma de local comercial? ¿Qué debes tener en cuenta? ¿Cuánto te puede costar la reforma? Contestaremos a estas y a otras preguntas respecto a la reforma de un local comercial, a continuación.[/vc_column_text][vc_empty_space][/vc_column][/vc_row][vc_row css_animation=&#8221;&#8221; row_type=&#8221;row&#8221; use_row_as_full_screen_section=&#8221;no&#8221; type=&#8221;grid&#8221; angled_section=&#8221;no&#8221; text_align=&#8221;left&#8221; background_image_as_pattern=&#8221;without_pattern&#8221;][vc_column][vc_column_text]<strong>¿Cómo reformar un local comercial?</strong></p>
<p>El primer paso para reformar un local comercial es contactar con una empresa especializada. Es necesario que concertéis una cita en la que pueda evaluar las características del local y todas sus posibilidades. Después, os presentará un proyecto detallado en el que os mostrará todas las opciones que están a vuestra disposición.[/vc_column_text][vc_empty_space][/vc_column][/vc_row][vc_row css_animation=&#8221;&#8221; row_type=&#8221;row&#8221; use_row_as_full_screen_section=&#8221;no&#8221; type=&#8221;grid&#8221; angled_section=&#8221;no&#8221; text_align=&#8221;left&#8221; background_image_as_pattern=&#8221;without_pattern&#8221;][vc_column][vc_column_text]Estará incluido solo aquello que permita la legalidad vigente, que realce los puntos claves del local y que la reforma sea la idónea para el negocio que se va a realizar en su interior.[/vc_column_text][vc_empty_space][/vc_column][/vc_row][vc_row css_animation=&#8221;&#8221; row_type=&#8221;row&#8221; use_row_as_full_screen_section=&#8221;no&#8221; type=&#8221;grid&#8221; angled_section=&#8221;no&#8221; text_align=&#8221;left&#8221; background_image_as_pattern=&#8221;without_pattern&#8221;][vc_column][vc_column_text]<strong>La empresa puede preparar distintos proyectos</strong>, con diferentes presupuestos. Conseguirá que el cliente pueda adaptar la reforma a la cantidad con la que cuenta para realizar el trabajo.[/vc_column_text][vc_empty_space][/vc_column][/vc_row][vc_row css_animation=&#8221;&#8221; row_type=&#8221;row&#8221; use_row_as_full_screen_section=&#8221;no&#8221; type=&#8221;grid&#8221; angled_section=&#8221;no&#8221; text_align=&#8221;left&#8221; background_image_as_pattern=&#8221;without_pattern&#8221;][vc_column][vc_column_text]<strong>El coste de la reforma puede cambiar en gran manera dependiendo de ciertos aspectos</strong>, el tamaño del local, el estado en el que se encuentra, la calidad de los materiales elegidos, el tiempo para realizar la obra… Puedes reformar un local de pequeño tamaño por menos de 10.000 euros, mientras que otro de grandes dimensiones puede costar más de 50.000 euros.[/vc_column_text][vc_empty_space][/vc_column][/vc_row][vc_row css_animation=&#8221;&#8221; row_type=&#8221;row&#8221; use_row_as_full_screen_section=&#8221;no&#8221; type=&#8221;grid&#8221; angled_section=&#8221;no&#8221; text_align=&#8221;left&#8221; background_image_as_pattern=&#8221;without_pattern&#8221;][vc_column][vc_column_text]Otra de las ventajas de contar con una constructora en Jaén, una constructora en Marbella o en cualquier otro lugar es que conseguirás un trabajo cuidado y profesional. Es mejor opción que intentar encargarte por ti mismo de contratar a los diferentes trabajadores que se necesitan para realizar el proyecto y ocuparte de coordinar sus trabajos.[/vc_column_text][vc_empty_space][/vc_column][/vc_row][vc_row css_animation=&#8221;&#8221; row_type=&#8221;row&#8221; use_row_as_full_screen_section=&#8221;no&#8221; type=&#8221;grid&#8221; angled_section=&#8221;no&#8221; text_align=&#8221;left&#8221; background_image_as_pattern=&#8221;without_pattern&#8221; css=&#8221;.vc_custom_1535694683121{background-color: #f9f9f9 !important;}&#8221;][vc_column][vc_empty_space][vc_column_text el_class=&#8221;enlace-contacta&#8221;]</p>
<p style="text-align: center;"><a href="https://obrasmanchareal.com/contacto/"><em>Solicita tu presupuesto <strong>aquí</strong></em></a></p>
<p>[/vc_column_text][vc_empty_space][/vc_column][/vc_row][vc_row css_animation=&#8221;&#8221; row_type=&#8221;row&#8221; use_row_as_full_screen_section=&#8221;no&#8221; type=&#8221;grid&#8221; angled_section=&#8221;no&#8221; text_align=&#8221;left&#8221; background_image_as_pattern=&#8221;without_pattern&#8221;][vc_column][vc_empty_space][vc_column_text]Una de nuestras obras emblemáticas en <strong>reforma de local comercial integrales</strong> es el proyecto de <a href="https://obrasmanchareal.com/proyecto/reforma-y-ampliacion-de-local-para-aparcamientos-y-trasteros/">Reforma y ampliación de local para aparcamientos y trasteros</a></p>
<p>La actuación se desarrolla en el bajo comercial de un edificio residencial plurifamiliar situado en la C/ Maestro Cebrián de Jaén. Consistiendo las obras en la adaptación del mismo a un aparcamiento privado que cuenta con 9 plazas de garaje, así como una zona de 14 trasteros en su parte posterior.</p>
<p>[/vc_column_text][vc_empty_space][/vc_column][/vc_row][vc_row css_animation=&#8221;&#8221; row_type=&#8221;row&#8221; use_row_as_full_screen_section=&#8221;no&#8221; type=&#8221;grid&#8221; angled_section=&#8221;no&#8221; text_align=&#8221;left&#8221; background_image_as_pattern=&#8221;without_pattern&#8221;][vc_column][vc_column_text]Tras la demolición y derribo de todos los elementos existentes inicialmente en el bajo comercial se comenzó con la realización de una nueva red de saneamiento enterrado, cambiándose todas las antiguas canalizaciones de tubos de hormigón por nuevas conducciones de tubería de PVC doble capa, así como el arreglo y limpieza de las arquetas existentes que se encontraban en estado aceptable y la nueva realización de la arquetas que se encontraban muy deterioradas y en mal estado.</p>
<p>[/vc_column_text][vc_empty_space][/vc_column][/vc_row][vc_row css_animation=&#8221;&#8221; row_type=&#8221;row&#8221; use_row_as_full_screen_section=&#8221;no&#8221; type=&#8221;grid&#8221; angled_section=&#8221;no&#8221; text_align=&#8221;left&#8221; background_image_as_pattern=&#8221;without_pattern&#8221;][vc_column][vc_column_text]Para la eliminación de las humedades existentes en los paramentos medianeros de todo el perímetro se procedió a su picado por completo así como a la ejecución de un nuevo revestimiento continuo empleándose mortero de cemento impermeable y transpirable. Sobre este revestimiento se procedió a pintar con pintura plástica color hasta una altura de 1,20 m. y el resto junto con los techos en blanco.</p>
<p>En cuanto a las instalaciones se procedió a eliminar todas las existentes y proceder a ejecutar todas las instalaciones nuevas indicadas en proyecto.</p>
<p>La instalación eléctrica y de alumbrado se realizó con tubo rígido de superficie, cableado libre de halógenos y pantallas de superficie, además se colocó un nuevo cuadro general de mando y protección situado a la entrada. Se ejecutó además una instalación de ventilación con tubo de chapa helicoidal, rejillas y un extractor.</p>
<p>Como acabado superficial del pavimento se realizó un tratamiento mediante el revestimiento con tres capas de resina epoxi 100% sólido en diversos colores, así como el marcado de las plazas de garaje.</p>
<p>[/vc_column_text][vc_empty_space][/vc_column][/vc_row][vc_row css_animation=&#8221;&#8221; row_type=&#8221;row&#8221; use_row_as_full_screen_section=&#8221;no&#8221; type=&#8221;grid&#8221; angled_section=&#8221;no&#8221; text_align=&#8221;left&#8221; background_image_as_pattern=&#8221;without_pattern&#8221;][vc_column][vc_column_text]Somos especialistas en la reforma de locales comerciales y naves industriales. Ponte en contacto con nosotros y realizaremos el diseño que necesitas.[/vc_column_text][vc_empty_space][/vc_column][/vc_row][vc_row css_animation=&#8221;&#8221; row_type=&#8221;row&#8221; use_row_as_full_screen_section=&#8221;no&#8221; type=&#8221;grid&#8221; angled_section=&#8221;no&#8221; text_align=&#8221;center&#8221; background_image_as_pattern=&#8221;without_pattern&#8221; css=&#8221;.vc_custom_1535615473502{background-color: #f9f9f9 !important;}&#8221;][vc_column][vc_empty_space][vc_column_text el_class=&#8221;entrada-proyectos&#8221;]</p>
<p style="text-align: center;">Mira por qué somos la empresa <strong>constructora en Jaén</strong> con mayor reconocimiento en <strong>reformas integrales</strong>.</p>
<p style="text-align: center;">Conoce nuestros proyectos de <strong>reformas integrales</strong>: <strong>reforma local comercial</strong></p>
<p>[/vc_column_text][/vc_column][vc_column][vc_empty_space][portfolio_list type=&#8221;standard&#8221; hover_type_standard=&#8221;default&#8221; columns=&#8221;4&#8243; order_by=&#8221;date&#8221; order=&#8221;DESC&#8221; filter=&#8221;no&#8221; show_load_more=&#8221;no&#8221; number=&#8221;8&#8243; category=&#8221;reformas&#8221; show_title=&#8221;yes&#8221;][button size=&#8221;small&#8221; target=&#8221;_self&#8221; hover_type=&#8221;default&#8221; text_align=&#8221;center&#8221; text=&#8221;Ver todos los proyectos&#8221; link=&#8221;https://obrasmanchareal.com/proyectos/&#8221; background_color=&#8221;#faa950&#8243; hover_background_color=&#8221;#2e2e2e&#8221; border_color=&#8221;#faa950&#8243; hover_border_color=&#8221;#2e2e2e&#8221;][vc_empty_space][/vc_column][/vc_row]</p>

<p>[vc_row css_animation=&#8221;&#8221; row_type=&#8221;row&#8221; use_row_as_full_screen_section=&#8221;no&#8221; type=&#8221;grid&#8221; angled_section=&#8221;no&#8221; text_align=&#8221;left&#8221; background_image_as_pattern=&#8221;without_pattern&#8221;][vc_column][vc_empty_space][vc_empty_space][vc_column_text] La reforma de un local comercial es clave para cualquier negocio. Es necesario contar con el proyecto de una empresa experta para que pueda realizar el diseño más adecuado. [/vc_column_text][vc_empty_space][/vc_column][/vc_row][vc_row css_animation=&#8221;&#8221; row_type=&#8221;row&#8221; use_row_as_full_screen_section=&#8221;no&#8221; type=&#8221;grid&#8221; angled_section=&#8221;no&#8221; text_align=&#8221;left&#8221; background_image_as_pattern=&#8221;without_pattern&#8221;][vc_column][vc_empty_space][/vc_column][/vc_row][vc_row css_animation=&#8221;&#8221; row_type=&#8221;row&#8221; use_row_as_full_screen_section=&#8221;no&#8221; type=&#8221;grid&#8221; angled_section=&#8221;no&#8221; text_align=&#8221;left&#8221; background_image_as_pattern=&#8221;without_pattern&#8221;][vc_column][vc_column_text]¿Cómo se lleva a &hellip; </p>
<p class="link-more"><a href="https://obrasmanchareal.com/?page_id=18601" class="more-link">Continue reading<span class="screen-reader-text"> &#8220;Reforma local comercial&#8221;</span></a></p>
